{"id":410,"date":"2020-08-05T20:00:00","date_gmt":"2020-08-05T20:00:00","guid":{"rendered":"https:\/\/www.jornadaebpmg.com.br\/?page_id=410"},"modified":"2020-08-12T02:59:24","modified_gmt":"2020-08-12T02:59:24","slug":"programa","status":"publish","type":"page","link":"https:\/\/www.jornadaebpmg.com.br\/2020\/programa\/","title":{"rendered":"Programa"},"content":{"rendered":"<p>[vc_row row_height_percent=&#8221;0&#8243; overlay_alpha=&#8221;50&#8243; gutter_size=&#8221;0&#8243; column_width_percent=&#8221;100&#8243; shift_y=&#8221;0&#8243; z_index=&#8221;0&#8243; desktop_visibility=&#8221;yes&#8221; mobile_visibility=&#8221;yes&#8221;][vc_column column_width_percent=&#8221;100&#8243; position_vertical=&#8221;middle&#8221; gutter_size=&#8221;3&#8243; overlay_alpha=&#8221;50&#8243; shift_x=&#8221;0&#8243; shift_y=&#8221;1&#8243; shift_y_fixed=&#8221;yes&#8221; shift_y_down=&#8221;0&#8243; z_index=&#8221;0&#8243; medium_width=&#8221;5&#8243; mobile_width=&#8221;5&#8243; css_animation=&#8221;bottom-t-top&#8221; width=&#8221;1\/2&#8243;][vc_empty_space empty_h=&#8221;3&#8243;][vc_empty_space empty_h=&#8221;3&#8243;][vc_column_text css_animation=&#8221;alpha-anim&#8221; animation_speed=&#8221;400&#8243;]<img decoding=\"async\" src=\"https:\/\/www.jornadaebpmg.com.br\/2020\/wp-content\/uploads\/2020\/07\/jornada_logo.png\" alt=\"Jornada\" \/>[\/vc_column_text][\/vc_column][vc_column column_width_percent=&#8221;90&#8243; position_horizontal=&#8221;right&#8221; position_vertical=&#8221;bottom&#8221; align_horizontal=&#8221;align_right&#8221; gutter_size=&#8221;3&#8243; overlay_alpha=&#8221;50&#8243; shift_x=&#8221;0&#8243; shift_y=&#8221;0&#8243; shift_y_down=&#8221;0&#8243; z_index=&#8221;0&#8243; medium_width=&#8221;3&#8243; align_mobile=&#8221;align_right_mobile&#8221; mobile_width=&#8221;3&#8243; width=&#8221;1\/2&#8243;][vc_column_text css_animation=&#8221;bottom-t-top&#8221; animation_speed=&#8221;200&#8243;]<img decoding=\"async\" src=\"https:\/\/www.jornadaebpmg.com.br\/2020\/wp-content\/uploads\/2020\/07\/logos.png\" alt=\"Jornada\" \/>[\/vc_column_text][\/vc_column][\/vc_row][vc_row row_height_percent=&#8221;0&#8243; overlay_alpha=&#8221;50&#8243; gutter_size=&#8221;3&#8243; column_width_percent=&#8221;100&#8243; shift_y=&#8221;-3&#8243; shift_y_fixed=&#8221;yes&#8221; z_index=&#8221;0&#8243; medium_visibility=&#8221;yes&#8221; mobile_visibility=&#8221;yes&#8221;][vc_column column_width_percent=&#8221;100&#8243; position_horizontal=&#8221;left&#8221; position_vertical=&#8221;middle&#8221; gutter_size=&#8221;3&#8243; overlay_alpha=&#8221;50&#8243; shift_x=&#8221;0&#8243; shift_y=&#8221;0&#8243; shift_y_down=&#8221;0&#8243; z_index=&#8221;0&#8243; medium_width=&#8221;3&#8243; mobile_width=&#8221;0&#8243; width=&#8221;1\/4&#8243; el_id=&#8221;logo1&#8243;][vc_column_text css_animation=&#8221;alpha-anim&#8221; animation_speed=&#8221;400&#8243;]<img decoding=\"async\" class=\"imagemfixa\" src=\"https:\/\/www.jornadaebpmg.com.br\/2020\/wp-content\/uploads\/2020\/07\/jornada_logo.png\" alt=\"Jornada\" \/>[\/vc_column_text][\/vc_column][vc_column column_width_percent=&#8221;95&#8243; gutter_size=&#8221;3&#8243; overlay_alpha=&#8221;50&#8243; shift_x=&#8221;3&#8243; shift_y=&#8221;0&#8243; shift_y_down=&#8221;0&#8243; z_index=&#8221;0&#8243; medium_width=&#8221;3&#8243; mobile_width=&#8221;0&#8243; width=&#8221;2\/4&#8243;][\/vc_column][vc_column column_width_percent=&#8221;100&#8243; position_vertical=&#8221;bottom&#8221; align_horizontal=&#8221;align_center&#8221; gutter_size=&#8221;3&#8243; overlay_alpha=&#8221;50&#8243; shift_x=&#8221;-2&#8243; shift_y=&#8221;0&#8243; shift_y_down=&#8221;0&#8243; z_index=&#8221;0&#8243; medium_width=&#8221;3&#8243; mobile_width=&#8221;0&#8243; width=&#8221;1\/4&#8243; el_id=&#8221;logo2&#8243;][vc_column_text css_animation=&#8221;bottom-t-top&#8221; animation_speed=&#8221;200&#8243;]<img decoding=\"async\" class=\"logofixa\" src=\"https:\/\/www.jornadaebpmg.com.br\/2020\/wp-content\/uploads\/2020\/07\/logos.png\" alt=\"Jornada\" \/>[\/vc_column_text][\/vc_column][\/vc_row][vc_row row_height_percent=&#8221;0&#8243; overlay_alpha=&#8221;50&#8243; gutter_size=&#8221;3&#8243; column_width_percent=&#8221;100&#8243; shift_y=&#8221;0&#8243; z_index=&#8221;0&#8243; css=&#8221;.vc_custom_1596910516069{padding-top: 50px !important;}&#8221;][vc_column column_width_percent=&#8221;100&#8243; position_horizontal=&#8221;left&#8221; position_vertical=&#8221;middle&#8221; gutter_size=&#8221;3&#8243; overlay_alpha=&#8221;50&#8243; shift_x=&#8221;0&#8243; shift_y=&#8221;0&#8243; shift_y_down=&#8221;0&#8243; z_index=&#8221;0&#8243; medium_width=&#8221;3&#8243; mobile_width=&#8221;0&#8243; width=&#8221;1\/4&#8243;][\/vc_column][vc_column column_width_percent=&#8221;100&#8243; gutter_size=&#8221;0&#8243; overlay_alpha=&#8221;50&#8243; shift_x=&#8221;3&#8243; shift_y=&#8221;0&#8243; shift_y_down=&#8221;0&#8243; z_index=&#8221;0&#8243; medium_width=&#8221;7&#8243; mobile_width=&#8221;7&#8243; width=&#8221;2\/4&#8243; css=&#8221;.vc_custom_1597201149968{padding-top: 0px !important;padding-right: 0px !important;padding-left: 0px !important;}&#8221;][vc_empty_space empty_h=&#8221;5&#8243; mobile_visibility=&#8221;yes&#8221;][vc_single_image media=&#8221;109&#8243; media_width_percent=&#8221;100&#8243; css_animation=&#8221;alpha-anim&#8221; animation_speed=&#8221;300&#8243; animation_delay=&#8221;100&#8243;][vc_row_inner][vc_column_inner column_width_percent=&#8221;100&#8243; gutter_size=&#8221;2&#8243; back_color=&#8221;color-901555&#8243; overlay_alpha=&#8221;50&#8243; shift_x=&#8221;0&#8243; shift_y=&#8221;0&#8243; shift_y_down=&#8221;0&#8243; z_index=&#8221;0&#8243; medium_width=&#8221;0&#8243; mobile_width=&#8221;0&#8243; width=&#8221;1\/1&#8243;][vc_column_text css_animation=&#8221;bottom-t-top&#8221; animation_speed=&#8221;300&#8243;]<strong>XXIV Jornada da EBP-MG (fora de s\u00e9rie) &#8211; Muta\u00e7\u00f5es do la\u00e7o social: o novo nas parcerias <\/strong>[\/vc_column_text][vc_column_text css_animation=&#8221;bottom-t-top&#8221; animation_speed=&#8221;300&#8243;]<strong>13\/08 (quinta-feira) \u2013 20:30h<\/strong><br \/>\n<strong>Abertura:<\/strong> Helenice de Castro, Elisa Alvarenga e Luc\u00edola Freitas de Mac\u00eado[\/vc_column_text][vc_column_text css_animation=&#8221;bottom-t-top&#8221; animation_speed=&#8221;300&#8243;]<strong>12\/09 (s\u00e1bado) \u2013 11h<\/strong><br \/>\n<strong>Confer\u00eancia:\u00a0O amor. sempre Outro<\/strong><br \/>\ncom Oscar Ventura (AME da ELP\/AMP, Presidente da ELP, AE 2016-2019)[\/vc_column_text][vc_column_text css_animation=&#8221;bottom-t-top&#8221; animation_speed=&#8221;300&#8243;]<strong>01\/10 (quinta-feira) \u2013 20:30h<\/strong><br \/>\nEntrevista com Francisco Bosco\u00a0(ensa\u00edsta, poeta, compositor, documentarista)<br \/>\nCom Laura Rubi\u00e3o, Luc\u00edola Mac\u00eado, S\u00e9rgio Laia e Ram Mandil.[\/vc_column_text][vc_column_text css_animation=&#8221;bottom-t-top&#8221; animation_speed=&#8221;300&#8243;]<strong>05\/11 (quinta-feira) \u2013 20:30h<\/strong><br \/>\n<strong>Amores loucos, amores fluidos, um novo amor?<\/strong><br \/>\nFernando Casula, Simone Souto e S\u00e9rgio de Campos.<br \/>\n<strong>Debate:<\/strong> Ana Lydia Santiago.[\/vc_column_text][vc_column_text css_animation=&#8221;bottom-t-top&#8221; animation_speed=&#8221;300&#8243;]<strong>03\/12 (quinta-feira) \u2013 20:30h<\/strong><br \/>\n<strong>Amores loucos, amores fluidos, um novo amor?<\/strong><br \/>\nFrederico Feu de Carvalho, Ludmilla F\u00e9res Faria, Fernanda Otoni-Brisset.<br \/>\n<strong>Debate: <\/strong>J\u00e9sus Santiago.[\/vc_column_text][\/vc_column_inner][\/vc_row_inner][\/vc_column][vc_column column_width_percent=&#8221;100&#8243; position_vertical=&#8221;bottom&#8221; align_horizontal=&#8221;align_center&#8221; gutter_size=&#8221;3&#8243; overlay_alpha=&#8221;50&#8243; shift_x=&#8221;-2&#8243; shift_y=&#8221;0&#8243; shift_y_down=&#8221;0&#8243; z_index=&#8221;0&#8243; medium_width=&#8221;3&#8243; mobile_width=&#8221;0&#8243; width=&#8221;1\/4&#8243;][\/vc_column][\/vc_row][vc_row row_height_percent=&#8221;0&#8243; overlay_alpha=&#8221;50&#8243; gutter_size=&#8221;0&#8243; column_width_percent=&#8221;100&#8243; shift_y=&#8221;0&#8243; z_index=&#8221;0&#8243; desktop_visibility=&#8221;yes&#8221; medium_visibility=&#8221;yes&#8221; css=&#8221;.vc_custom_1596753369997{padding-top: 100px !important;}&#8221;][vc_column column_width_percent=&#8221;100&#8243; position_vertical=&#8221;middle&#8221; gutter_size=&#8221;3&#8243; overlay_alpha=&#8221;50&#8243; shift_x=&#8221;0&#8243; shift_y=&#8221;0&#8243; shift_y_down=&#8221;0&#8243; z_index=&#8221;0&#8243; medium_width=&#8221;5&#8243; mobile_width=&#8221;5&#8243; css_animation=&#8221;bottom-t-top&#8221; width=&#8221;1\/2&#8243; link_to=&#8221;url:%23home|||&#8221;][vc_empty_space empty_h=&#8221;4&#8243;][vc_column_text css_animation=&#8221;alpha-anim&#8221; animation_speed=&#8221;400&#8243;]<img decoding=\"async\" src=\"https:\/\/www.jornadaebpmg.com.br\/2020\/wp-content\/uploads\/2020\/07\/jornada_logo.png\" alt=\"Jornada\" \/>[\/vc_column_text][vc_empty_space empty_h=&#8221;4&#8243;][\/vc_column][vc_column column_width_percent=&#8221;90&#8243; position_horizontal=&#8221;right&#8221; position_vertical=&#8221;bottom&#8221; align_horizontal=&#8221;align_right&#8221; gutter_size=&#8221;3&#8243; overlay_alpha=&#8221;50&#8243; shift_x=&#8221;0&#8243; shift_y=&#8221;0&#8243; shift_y_down=&#8221;0&#8243; z_index=&#8221;0&#8243; medium_width=&#8221;3&#8243; align_mobile=&#8221;align_right_mobile&#8221; mobile_width=&#8221;3&#8243; width=&#8221;1\/2&#8243;][vc_empty_space empty_h=&#8221;4&#8243;][vc_empty_space empty_h=&#8221;4&#8243;][vc_column_text css_animation=&#8221;bottom-t-top&#8221; animation_speed=&#8221;200&#8243;]<img decoding=\"async\" src=\"https:\/\/www.jornadaebpmg.com.br\/2020\/wp-content\/uploads\/2020\/07\/logos.png\" alt=\"Jornada\" \/>[\/vc_column_text][vc_empty_space empty_h=&#8221;3&#8243;][\/vc_column][\/vc_row][vc_row row_height_percent=&#8221;0&#8243; overlay_alpha=&#8221;50&#8243; gutter_size=&#8221;3&#8243; column_width_percent=&#8221;100&#8243; shift_y=&#8221;0&#8243; z_index=&#8221;0&#8243; desktop_visibility=&#8221;yes&#8221; medium_visibility=&#8221;yes&#8221;][vc_column width=&#8221;1\/1&#8243;][vc_empty_space empty_h=&#8221;1&#8243;][\/vc_column][\/vc_row]<\/p>\n","protected":false},"excerpt":{"rendered":"<p>[vc_row row_height_percent=&#8221;0&#8243; overlay_alpha=&#8221;50&#8243; gutter_size=&#8221;0&#8243; column_width_percent=&#8221;100&#8243; shift_y=&#8221;0&#8243; z_index=&#8221;0&#8243; desktop_visibility=&#8221;yes&#8221; mobile_visibility=&#8221;yes&#8221;][vc_column column_width_percent=&#8221;100&#8243; position_vertical=&#8221;middle&#8221; gutter_size=&#8221;3&#8243; overlay_alpha=&#8221;50&#8243; shift_x=&#8221;0&#8243; shift_y=&#8221;1&#8243; shift_y_fixed=&#8221;yes&#8221; shift_y_down=&#8221;0&#8243; z_index=&#8221;0&#8243; medium_width=&#8221;5&#8243; mobile_width=&#8221;5&#8243; [&hellip;]<\/p>\n","protected":false},"author":1,"featured_media":48,"parent":0,"menu_order":0,"comment_status":"closed","ping_status":"closed","template":"","meta":{"footnotes":""},"class_list":["post-410","page","type-page","status-publish","has-post-thumbnail","hentry"],"yoast_head":"<!-- This site is optimized with the Yoast SEO plugin v26.5 - https:\/\/yoast.com\/wordpress\/plugins\/seo\/ -->\n<title>Programa - XXIV Jornada EBP-MG<\/title>\n<meta name=\"robots\" content=\"index, follow, max-snippet:-1, max-image-preview:large, max-video-preview:-1\" \/>\n<link rel=\"canonical\" href=\"https:\/\/www.jornadaebpmg.com.br\/2020\/programa\/\" \/>\n<meta property=\"og:locale\" content=\"pt_BR\" \/>\n<meta property=\"og:type\" content=\"article\" \/>\n<meta property=\"og:title\" content=\"Programa - XXIV Jornada EBP-MG\" \/>\n<meta property=\"og:description\" content=\"[vc_row row_height_percent=&#8221;0&#8243; overlay_alpha=&#8221;50&#8243; gutter_size=&#8221;0&#8243; column_width_percent=&#8221;100&#8243; shift_y=&#8221;0&#8243; z_index=&#8221;0&#8243; desktop_visibility=&#8221;yes&#8221; mobile_visibility=&#8221;yes&#8221;][vc_column column_width_percent=&#8221;100&#8243; position_vertical=&#8221;middle&#8221; gutter_size=&#8221;3&#8243; overlay_alpha=&#8221;50&#8243; shift_x=&#8221;0&#8243; shift_y=&#8221;1&#8243; shift_y_fixed=&#8221;yes&#8221; shift_y_down=&#8221;0&#8243; z_index=&#8221;0&#8243; medium_width=&#8221;5&#8243; mobile_width=&#8221;5&#8243; [&hellip;]\" \/>\n<meta property=\"og:url\" content=\"https:\/\/www.jornadaebpmg.com.br\/2020\/programa\/\" \/>\n<meta property=\"og:site_name\" content=\"XXIV Jornada EBP-MG\" \/>\n<meta property=\"article:modified_time\" content=\"2020-08-12T02:59:24+00:00\" \/>\n<meta property=\"og:image\" content=\"https:\/\/www.jornadaebpmg.com.br\/2020\/wp-content\/uploads\/2020\/08\/jornadaebpmg.png\" \/>\n\t<meta property=\"og:image:width\" content=\"620\" \/>\n\t<meta property=\"og:image:height\" content=\"570\" \/>\n\t<meta property=\"og:image:type\" content=\"image\/png\" \/>\n<meta name=\"twitter:card\" content=\"summary_large_image\" \/>\n<meta name=\"twitter:label1\" content=\"Est. tempo de leitura\" \/>\n\t<meta name=\"twitter:data1\" content=\"4 minutos\" \/>\n<script type=\"application\/ld+json\" class=\"yoast-schema-graph\">{\"@context\":\"https:\/\/schema.org\",\"@graph\":[{\"@type\":\"WebPage\",\"@id\":\"https:\/\/www.jornadaebpmg.com.br\/2020\/programa\/\",\"url\":\"https:\/\/www.jornadaebpmg.com.br\/2020\/programa\/\",\"name\":\"Programa - XXIV Jornada EBP-MG\",\"isPartOf\":{\"@id\":\"https:\/\/www.jornadaebpmg.com.br\/2020\/#website\"},\"primaryImageOfPage\":{\"@id\":\"https:\/\/www.jornadaebpmg.com.br\/2020\/programa\/#primaryimage\"},\"image\":{\"@id\":\"https:\/\/www.jornadaebpmg.com.br\/2020\/programa\/#primaryimage\"},\"thumbnailUrl\":\"https:\/\/www.jornadaebpmg.com.br\/2020\/wp-content\/uploads\/2020\/07\/Captura-de-Tela-2020-07-30-a\u0300s-18.00.57.png\",\"datePublished\":\"2020-08-05T20:00:00+00:00\",\"dateModified\":\"2020-08-12T02:59:24+00:00\",\"breadcrumb\":{\"@id\":\"https:\/\/www.jornadaebpmg.com.br\/2020\/programa\/#breadcrumb\"},\"inLanguage\":\"pt-BR\",\"potentialAction\":[{\"@type\":\"ReadAction\",\"target\":[\"https:\/\/www.jornadaebpmg.com.br\/2020\/programa\/\"]}]},{\"@type\":\"ImageObject\",\"inLanguage\":\"pt-BR\",\"@id\":\"https:\/\/www.jornadaebpmg.com.br\/2020\/programa\/#primaryimage\",\"url\":\"https:\/\/www.jornadaebpmg.com.br\/2020\/wp-content\/uploads\/2020\/07\/Captura-de-Tela-2020-07-30-a\u0300s-18.00.57.png\",\"contentUrl\":\"https:\/\/www.jornadaebpmg.com.br\/2020\/wp-content\/uploads\/2020\/07\/Captura-de-Tela-2020-07-30-a\u0300s-18.00.57.png\",\"width\":822,\"height\":622},{\"@type\":\"BreadcrumbList\",\"@id\":\"https:\/\/www.jornadaebpmg.com.br\/2020\/programa\/#breadcrumb\",\"itemListElement\":[{\"@type\":\"ListItem\",\"position\":1,\"name\":\"In\u00edcio\",\"item\":\"https:\/\/www.jornadaebpmg.com.br\/2020\/\"},{\"@type\":\"ListItem\",\"position\":2,\"name\":\"Programa\"}]},{\"@type\":\"WebSite\",\"@id\":\"https:\/\/www.jornadaebpmg.com.br\/2020\/#website\",\"url\":\"https:\/\/www.jornadaebpmg.com.br\/2020\/\",\"name\":\"XXIV Jornada EBP-MG\",\"description\":\"Escola Brasileira de Psican\u00e1lise\",\"potentialAction\":[{\"@type\":\"SearchAction\",\"target\":{\"@type\":\"EntryPoint\",\"urlTemplate\":\"https:\/\/www.jornadaebpmg.com.br\/2020\/?s={search_term_string}\"},\"query-input\":{\"@type\":\"PropertyValueSpecification\",\"valueRequired\":true,\"valueName\":\"search_term_string\"}}],\"inLanguage\":\"pt-BR\"}]}<\/script>\n<!-- \/ Yoast SEO plugin. -->","yoast_head_json":{"title":"Programa - XXIV Jornada EBP-MG","robots":{"index":"index","follow":"follow","max-snippet":"max-snippet:-1","max-image-preview":"max-image-preview:large","max-video-preview":"max-video-preview:-1"},"canonical":"https:\/\/www.jornadaebpmg.com.br\/2020\/programa\/","og_locale":"pt_BR","og_type":"article","og_title":"Programa - XXIV Jornada EBP-MG","og_description":"[vc_row row_height_percent=&#8221;0&#8243; overlay_alpha=&#8221;50&#8243; gutter_size=&#8221;0&#8243; column_width_percent=&#8221;100&#8243; shift_y=&#8221;0&#8243; z_index=&#8221;0&#8243; desktop_visibility=&#8221;yes&#8221; mobile_visibility=&#8221;yes&#8221;][vc_column column_width_percent=&#8221;100&#8243; position_vertical=&#8221;middle&#8221; gutter_size=&#8221;3&#8243; overlay_alpha=&#8221;50&#8243; shift_x=&#8221;0&#8243; shift_y=&#8221;1&#8243; shift_y_fixed=&#8221;yes&#8221; shift_y_down=&#8221;0&#8243; z_index=&#8221;0&#8243; medium_width=&#8221;5&#8243; mobile_width=&#8221;5&#8243; [&hellip;]","og_url":"https:\/\/www.jornadaebpmg.com.br\/2020\/programa\/","og_site_name":"XXIV Jornada EBP-MG","article_modified_time":"2020-08-12T02:59:24+00:00","og_image":[{"width":620,"height":570,"url":"https:\/\/www.jornadaebpmg.com.br\/2020\/wp-content\/uploads\/2020\/08\/jornadaebpmg.png","type":"image\/png"}],"twitter_card":"summary_large_image","twitter_misc":{"Est. tempo de leitura":"4 minutos"},"schema":{"@context":"https:\/\/schema.org","@graph":[{"@type":"WebPage","@id":"https:\/\/www.jornadaebpmg.com.br\/2020\/programa\/","url":"https:\/\/www.jornadaebpmg.com.br\/2020\/programa\/","name":"Programa - XXIV Jornada EBP-MG","isPartOf":{"@id":"https:\/\/www.jornadaebpmg.com.br\/2020\/#website"},"primaryImageOfPage":{"@id":"https:\/\/www.jornadaebpmg.com.br\/2020\/programa\/#primaryimage"},"image":{"@id":"https:\/\/www.jornadaebpmg.com.br\/2020\/programa\/#primaryimage"},"thumbnailUrl":"https:\/\/www.jornadaebpmg.com.br\/2020\/wp-content\/uploads\/2020\/07\/Captura-de-Tela-2020-07-30-a\u0300s-18.00.57.png","datePublished":"2020-08-05T20:00:00+00:00","dateModified":"2020-08-12T02:59:24+00:00","breadcrumb":{"@id":"https:\/\/www.jornadaebpmg.com.br\/2020\/programa\/#breadcrumb"},"inLanguage":"pt-BR","potentialAction":[{"@type":"ReadAction","target":["https:\/\/www.jornadaebpmg.com.br\/2020\/programa\/"]}]},{"@type":"ImageObject","inLanguage":"pt-BR","@id":"https:\/\/www.jornadaebpmg.com.br\/2020\/programa\/#primaryimage","url":"https:\/\/www.jornadaebpmg.com.br\/2020\/wp-content\/uploads\/2020\/07\/Captura-de-Tela-2020-07-30-a\u0300s-18.00.57.png","contentUrl":"https:\/\/www.jornadaebpmg.com.br\/2020\/wp-content\/uploads\/2020\/07\/Captura-de-Tela-2020-07-30-a\u0300s-18.00.57.png","width":822,"height":622},{"@type":"BreadcrumbList","@id":"https:\/\/www.jornadaebpmg.com.br\/2020\/programa\/#breadcrumb","itemListElement":[{"@type":"ListItem","position":1,"name":"In\u00edcio","item":"https:\/\/www.jornadaebpmg.com.br\/2020\/"},{"@type":"ListItem","position":2,"name":"Programa"}]},{"@type":"WebSite","@id":"https:\/\/www.jornadaebpmg.com.br\/2020\/#website","url":"https:\/\/www.jornadaebpmg.com.br\/2020\/","name":"XXIV Jornada EBP-MG","description":"Escola Brasileira de Psican\u00e1lise","potentialAction":[{"@type":"SearchAction","target":{"@type":"EntryPoint","urlTemplate":"https:\/\/www.jornadaebpmg.com.br\/2020\/?s={search_term_string}"},"query-input":{"@type":"PropertyValueSpecification","valueRequired":true,"valueName":"search_term_string"}}],"inLanguage":"pt-BR"}]}},"_links":{"self":[{"href":"https:\/\/www.jornadaebpmg.com.br\/2020\/wp-json\/wp\/v2\/pages\/410","targetHints":{"allow":["GET"]}}],"collection":[{"href":"https:\/\/www.jornadaebpmg.com.br\/2020\/wp-json\/wp\/v2\/pages"}],"about":[{"href":"https:\/\/www.jornadaebpmg.com.br\/2020\/wp-json\/wp\/v2\/types\/page"}],"author":[{"embeddable":true,"href":"https:\/\/www.jornadaebpmg.com.br\/2020\/wp-json\/wp\/v2\/users\/1"}],"replies":[{"embeddable":true,"href":"https:\/\/www.jornadaebpmg.com.br\/2020\/wp-json\/wp\/v2\/comments?post=410"}],"version-history":[{"count":10,"href":"https:\/\/www.jornadaebpmg.com.br\/2020\/wp-json\/wp\/v2\/pages\/410\/revisions"}],"predecessor-version":[{"id":635,"href":"https:\/\/www.jornadaebpmg.com.br\/2020\/wp-json\/wp\/v2\/pages\/410\/revisions\/635"}],"wp:featuredmedia":[{"embeddable":true,"href":"https:\/\/www.jornadaebpmg.com.br\/2020\/wp-json\/wp\/v2\/media\/48"}],"wp:attachment":[{"href":"https:\/\/www.jornadaebpmg.com.br\/2020\/wp-json\/wp\/v2\/media?parent=410"}],"curies":[{"name":"wp","href":"https:\/\/api.w.org\/{rel}","templated":true}]}}