{"id":815,"date":"2021-05-28T02:08:00","date_gmt":"2021-05-28T05:08:00","guid":{"rendered":"https:\/\/www.jornadaebpmg.com.br\/2021\/?page_id=815"},"modified":"2021-10-14T12:27:08","modified_gmt":"2021-10-14T15:27:08","slug":"valores-e-inscricoes","status":"publish","type":"page","link":"https:\/\/www.jornadaebpmg.com.br\/2021\/valores-e-inscricoes\/","title":{"rendered":"Valores e inscri\u00e7\u00f5es"},"content":{"rendered":"<p>[vc_row row_height_percent=&#8221;0&#8243; override_padding=&#8221;yes&#8221; h_padding=&#8221;2&#8243; top_padding=&#8221;0&#8243; bottom_padding=&#8221;2&#8243; back_color=&#8221;color-jevc&#8221; overlay_alpha=&#8221;50&#8243; equal_height=&#8221;yes&#8221; gutter_size=&#8221;0&#8243; column_width_percent=&#8221;100&#8243; shift_y=&#8221;0&#8243; z_index=&#8221;0&#8243;][vc_column column_width_percent=&#8221;100&#8243; gutter_size=&#8221;0&#8243; override_padding=&#8221;yes&#8221; column_padding=&#8221;0&#8243; back_color=&#8221;color-xsdn&#8221; overlay_alpha=&#8221;50&#8243; shift_x=&#8221;0&#8243; shift_y=&#8221;0&#8243; shift_y_down=&#8221;0&#8243; z_index=&#8221;0&#8243; medium_width=&#8221;0&#8243; mobile_width=&#8221;0&#8243; width=&#8221;1\/2&#8243;][vc_row_inner][vc_column_inner column_width_percent=&#8221;100&#8243; gutter_size=&#8221;2&#8243; override_padding=&#8221;yes&#8221; column_padding=&#8221;2&#8243; back_color=&#8221;color-xsdn&#8221; overlay_alpha=&#8221;50&#8243; shift_x=&#8221;0&#8243; shift_y=&#8221;0&#8243; shift_y_down=&#8221;0&#8243; z_index=&#8221;0&#8243; medium_width=&#8221;0&#8243; mobile_width=&#8221;0&#8243; width=&#8221;1\/1&#8243;][vc_custom_heading heading_semantic=&#8221;h1&#8243; text_font=&#8221;font-185386&#8243; text_size=&#8221;h1&#8243; text_color=&#8221;color-210407&#8243;]Valores[\/vc_custom_heading][vc_empty_space empty_h=&#8221;1&#8243;][\/vc_column_inner][\/vc_row_inner][vc_row_inner][vc_column_inner column_width_percent=&#8221;100&#8243; gutter_size=&#8221;2&#8243; override_padding=&#8221;yes&#8221; column_padding=&#8221;2&#8243; back_color=&#8221;color-xsdn&#8221; overlay_alpha=&#8221;50&#8243; shift_x=&#8221;0&#8243; shift_y=&#8221;0&#8243; shift_y_down=&#8221;0&#8243; z_index=&#8221;0&#8243; medium_width=&#8221;0&#8243; mobile_width=&#8221;0&#8243; width=&#8221;1\/1&#8243;][vc_custom_heading text_font=&#8221;font-185386&#8243; text_color=&#8221;color-210407&#8243;]At\u00e9 18\/08\/2021[\/vc_custom_heading][vc_separator sep_color=&#8221;color-210407&#8243; el_height=&#8221;3px&#8221;][vc_column_text]\u2022 Profissionais Membros da EBP: R$ 170,00<\/p>\n<p>\u2022 N\u00e3o membros da EBP: R$ 170,00<\/p>\n<p>\u2022 Alunos do IPSMMG e estudantes: R$ 110,00.[\/vc_column_text][vc_empty_space empty_h=&#8221;1&#8243;][\/vc_column_inner][\/vc_row_inner][vc_row_inner][vc_column_inner column_width_percent=&#8221;100&#8243; gutter_size=&#8221;2&#8243; override_padding=&#8221;yes&#8221; column_padding=&#8221;2&#8243; back_color=&#8221;color-xsdn&#8221; overlay_alpha=&#8221;50&#8243; shift_x=&#8221;0&#8243; shift_y=&#8221;0&#8243; shift_y_down=&#8221;0&#8243; z_index=&#8221;0&#8243; medium_width=&#8221;0&#8243; mobile_width=&#8221;0&#8243; width=&#8221;1\/1&#8243;][vc_custom_heading text_font=&#8221;font-185386&#8243; text_color=&#8221;color-210407&#8243;]De 19\/08\/2021 at\u00e9 o evento[\/vc_custom_heading][vc_separator sep_color=&#8221;color-210407&#8243; el_height=&#8221;3px&#8221;][vc_column_text]\u2022 Profissionais Membros da EBP :R$ 200,00<\/p>\n<p>\u2022 N\u00e3o membros da EBP: R$ 200,00<\/p>\n<p>\u2022 Alunos do IPSMMG e Estudantes: R$ 140,00[\/vc_column_text][vc_empty_space empty_h=&#8221;1&#8243;][\/vc_column_inner][\/vc_row_inner][\/vc_column][vc_column column_width_percent=&#8221;100&#8243; gutter_size=&#8221;0&#8243; override_padding=&#8221;yes&#8221; column_padding=&#8221;0&#8243; back_color=&#8221;color-xsdn&#8221; overlay_alpha=&#8221;50&#8243; shift_x=&#8221;0&#8243; shift_y=&#8221;0&#8243; shift_y_down=&#8221;0&#8243; z_index=&#8221;0&#8243; medium_width=&#8221;0&#8243; mobile_width=&#8221;0&#8243; width=&#8221;1\/2&#8243;][vc_row_inner][vc_column_inner column_width_percent=&#8221;100&#8243; gutter_size=&#8221;2&#8243; override_padding=&#8221;yes&#8221; column_padding=&#8221;2&#8243; back_color=&#8221;color-xsdn&#8221; overlay_alpha=&#8221;50&#8243; shift_x=&#8221;0&#8243; shift_y=&#8221;0&#8243; shift_y_down=&#8221;0&#8243; z_index=&#8221;0&#8243; medium_width=&#8221;0&#8243; mobile_width=&#8221;0&#8243; width=&#8221;1\/1&#8243;][vc_custom_heading heading_semantic=&#8221;h1&#8243; text_font=&#8221;font-185386&#8243; text_size=&#8221;h1&#8243; text_color=&#8221;color-210407&#8243;]Inscri\u00e7\u00f5es[\/vc_custom_heading][\/vc_column_inner][\/vc_row_inner][vc_row_inner][vc_column_inner column_width_percent=&#8221;100&#8243; gutter_size=&#8221;2&#8243; override_padding=&#8221;yes&#8221; column_padding=&#8221;2&#8243; back_color=&#8221;color-xsdn&#8221; overlay_alpha=&#8221;50&#8243; shift_x=&#8221;0&#8243; shift_y=&#8221;0&#8243; shift_y_down=&#8221;0&#8243; z_index=&#8221;0&#8243; medium_width=&#8221;0&#8243; mobile_width=&#8221;0&#8243; width=&#8221;1\/1&#8243;][vc_single_image media=&#8221;901&#8243; media_width_percent=&#8221;40&#8243;][vc_separator sep_color=&#8221;color-210407&#8243; el_height=&#8221;3px&#8221;][vc_column_text]<span style=\"font-family: -apple-system, BlinkMacSystemFont, 'Segoe UI', Roboto, Oxygen-Sans, Ubuntu, Cantarell, 'Helvetica Neue', sans-serif;\">Antes de ser direcionado \u00e0 plataforma CONGRESSE_ME para fazer sua inscri\u00e7\u00e3o, lembre-se:<\/span><\/p>\n<p>\u2022 Ao clicar no link abaixo, ser\u00e1 solicitado seu login:<br \/>\nCaso seja a 1\u00aa vez que participa de evento nesta plataforma, fa\u00e7a seu cadastro! \u00c9 r\u00e1pido!<br \/>\nCaso contr\u00e1rio, utilize sua senha anterior.<\/p>\n<p>2- Em caso de d\u00favidas, acesse nosso <a href=\"https:\/\/www.jornadaebpmg.com.br\/2021\/tutorial-de-acesso\/\">TUTORIAL<\/a> ou\u00a0 <a href=\"https:\/\/www.jornadaebpmg.com.br\/2021\/perguntas-frequentes\/\">PERGUNTAS FREQUENTES<\/a>[\/vc_column_text][vc_column_text]Quer se inscrever agora?[\/vc_column_text][vc_button button_color=&#8221;color-210407&#8243; border_width=&#8221;0&#8243; link=&#8221;url:https%3A%2F%2Feventos.congresse.me%2Fxxvjornadaebpmg%2Fedicoes%2Fxxv-jornada-ebp-mg-acontecimento-de-corpo-da-contingencia-a-escrita-1-edicao%2Fprodutos|target:_blank&#8221;]INSCREVA-SE AQUI[\/vc_button][vc_empty_space empty_h=&#8221;1&#8243;][\/vc_column_inner][\/vc_row_inner][\/vc_column][\/vc_row]<\/p>\n<div id=\"read_unread\"><\/div>","protected":false},"excerpt":{"rendered":"<p>[vc_row row_height_percent=&#8221;0&#8243; override_padding=&#8221;yes&#8221; h_padding=&#8221;2&#8243; top_padding=&#8221;0&#8243; bottom_padding=&#8221;2&#8243; back_color=&#8221;color-jevc&#8221; overlay_alpha=&#8221;50&#8243; equal_height=&#8221;yes&#8221; gutter_size=&#8221;0&#8243; column_width_percent=&#8221;100&#8243; shift_y=&#8221;0&#8243; z_index=&#8221;0&#8243;][vc_column column_width_percent=&#8221;100&#8243; gutter_size=&#8221;0&#8243; override_padding=&#8221;yes&#8221; column_padding=&#8221;0&#8243; back_color=&#8221;color-xsdn&#8221; overlay_alpha=&#8221;50&#8243; shift_x=&#8221;0&#8243; [&hellip;]<\/p>\n","protected":false},"author":1,"featured_media":0,"parent":0,"menu_order":0,"comment_status":"closed","ping_status":"closed","template":"","meta":{"h5ap_radio_sources":[],"footnotes":""},"class_list":["post-815","page","type-page","status-publish","hentry"],"yoast_head":"<!-- This site is optimized with the Yoast SEO plugin v18.5.1 - https:\/\/yoast.com\/wordpress\/plugins\/seo\/ -->\n<title>Valores e inscri\u00e7\u00f5es - 25\u00aa Jornada Escola Brasileira de Psican\u00e1lise \u2013 MG<\/title>\n<meta name=\"robots\" content=\"noindex, follow, max-snippet:-1, max-image-preview:large, max-video-preview:-1\" \/>\n<meta property=\"og:locale\" content=\"pt_BR\" \/>\n<meta property=\"og:type\" content=\"article\" \/>\n<meta property=\"og:title\" content=\"Valores e inscri\u00e7\u00f5es - 25\u00aa Jornada Escola Brasileira de Psican\u00e1lise \u2013 MG\" \/>\n<meta property=\"og:description\" content=\"[vc_row row_height_percent=&#8221;0&#8243; override_padding=&#8221;yes&#8221; h_padding=&#8221;2&#8243; top_padding=&#8221;0&#8243; bottom_padding=&#8221;2&#8243; back_color=&#8221;color-jevc&#8221; overlay_alpha=&#8221;50&#8243; equal_height=&#8221;yes&#8221; gutter_size=&#8221;0&#8243; column_width_percent=&#8221;100&#8243; shift_y=&#8221;0&#8243; z_index=&#8221;0&#8243;][vc_column column_width_percent=&#8221;100&#8243; gutter_size=&#8221;0&#8243; override_padding=&#8221;yes&#8221; column_padding=&#8221;0&#8243; back_color=&#8221;color-xsdn&#8221; overlay_alpha=&#8221;50&#8243; shift_x=&#8221;0&#8243; [&hellip;]\" \/>\n<meta property=\"og:url\" content=\"https:\/\/www.jornadaebpmg.com.br\/2021\/valores-e-inscricoes\/\" \/>\n<meta property=\"og:site_name\" content=\"25\u00aa Jornada Escola Brasileira de Psican\u00e1lise \u2013 MG\" \/>\n<meta property=\"article:modified_time\" content=\"2021-10-14T15:27:08+00:00\" \/>\n<meta name=\"twitter:card\" content=\"summary_large_image\" \/>\n<meta name=\"twitter:label1\" content=\"Est. tempo de leitura\" \/>\n\t<meta name=\"twitter:data1\" content=\"2 minutos\" \/>\n<script type=\"application\/ld+json\" class=\"yoast-schema-graph\">{\"@context\":\"https:\/\/schema.org\",\"@graph\":[{\"@type\":\"WebSite\",\"@id\":\"https:\/\/www.jornadaebpmg.com.br\/2021\/#website\",\"url\":\"https:\/\/www.jornadaebpmg.com.br\/2021\/\",\"name\":\"25\u00aa Jornada Escola Brasileira de Psican\u00e1lise \u2013 MG\",\"description\":\"Edi\u00e7\u00e3o 2021\",\"potentialAction\":[{\"@type\":\"SearchAction\",\"target\":{\"@type\":\"EntryPoint\",\"urlTemplate\":\"https:\/\/www.jornadaebpmg.com.br\/2021\/?s={search_term_string}\"},\"query-input\":\"required name=search_term_string\"}],\"inLanguage\":\"pt-BR\"},{\"@type\":\"WebPage\",\"@id\":\"https:\/\/www.jornadaebpmg.com.br\/2021\/valores-e-inscricoes\/#webpage\",\"url\":\"https:\/\/www.jornadaebpmg.com.br\/2021\/valores-e-inscricoes\/\",\"name\":\"Valores e inscri\u00e7\u00f5es - 25\u00aa Jornada Escola Brasileira de Psican\u00e1lise \u2013 MG\",\"isPartOf\":{\"@id\":\"https:\/\/www.jornadaebpmg.com.br\/2021\/#website\"},\"datePublished\":\"2021-05-28T05:08:00+00:00\",\"dateModified\":\"2021-10-14T15:27:08+00:00\",\"breadcrumb\":{\"@id\":\"https:\/\/www.jornadaebpmg.com.br\/2021\/valores-e-inscricoes\/#breadcrumb\"},\"inLanguage\":\"pt-BR\",\"potentialAction\":[{\"@type\":\"ReadAction\",\"target\":[\"https:\/\/www.jornadaebpmg.com.br\/2021\/valores-e-inscricoes\/\"]}]},{\"@type\":\"BreadcrumbList\",\"@id\":\"https:\/\/www.jornadaebpmg.com.br\/2021\/valores-e-inscricoes\/#breadcrumb\",\"itemListElement\":[{\"@type\":\"ListItem\",\"position\":1,\"name\":\"Home\",\"item\":\"https:\/\/www.jornadaebpmg.com.br\/2021\/\"},{\"@type\":\"ListItem\",\"position\":2,\"name\":\"Valores e inscri\u00e7\u00f5es\"}]}]}<\/script>\n<!-- \/ Yoast SEO plugin. -->","yoast_head_json":{"title":"Valores e inscri\u00e7\u00f5es - 25\u00aa Jornada Escola Brasileira de Psican\u00e1lise \u2013 MG","robots":{"index":"noindex","follow":"follow","max-snippet":"max-snippet:-1","max-image-preview":"max-image-preview:large","max-video-preview":"max-video-preview:-1"},"og_locale":"pt_BR","og_type":"article","og_title":"Valores e inscri\u00e7\u00f5es - 25\u00aa Jornada Escola Brasileira de Psican\u00e1lise \u2013 MG","og_description":"[vc_row row_height_percent=&#8221;0&#8243; override_padding=&#8221;yes&#8221; h_padding=&#8221;2&#8243; top_padding=&#8221;0&#8243; bottom_padding=&#8221;2&#8243; back_color=&#8221;color-jevc&#8221; overlay_alpha=&#8221;50&#8243; equal_height=&#8221;yes&#8221; gutter_size=&#8221;0&#8243; column_width_percent=&#8221;100&#8243; shift_y=&#8221;0&#8243; z_index=&#8221;0&#8243;][vc_column column_width_percent=&#8221;100&#8243; gutter_size=&#8221;0&#8243; override_padding=&#8221;yes&#8221; column_padding=&#8221;0&#8243; back_color=&#8221;color-xsdn&#8221; overlay_alpha=&#8221;50&#8243; shift_x=&#8221;0&#8243; [&hellip;]","og_url":"https:\/\/www.jornadaebpmg.com.br\/2021\/valores-e-inscricoes\/","og_site_name":"25\u00aa Jornada Escola Brasileira de Psican\u00e1lise \u2013 MG","article_modified_time":"2021-10-14T15:27:08+00:00","twitter_card":"summary_large_image","twitter_misc":{"Est. tempo de leitura":"2 minutos"},"schema":{"@context":"https:\/\/schema.org","@graph":[{"@type":"WebSite","@id":"https:\/\/www.jornadaebpmg.com.br\/2021\/#website","url":"https:\/\/www.jornadaebpmg.com.br\/2021\/","name":"25\u00aa Jornada Escola Brasileira de Psican\u00e1lise \u2013 MG","description":"Edi\u00e7\u00e3o 2021","potentialAction":[{"@type":"SearchAction","target":{"@type":"EntryPoint","urlTemplate":"https:\/\/www.jornadaebpmg.com.br\/2021\/?s={search_term_string}"},"query-input":"required name=search_term_string"}],"inLanguage":"pt-BR"},{"@type":"WebPage","@id":"https:\/\/www.jornadaebpmg.com.br\/2021\/valores-e-inscricoes\/#webpage","url":"https:\/\/www.jornadaebpmg.com.br\/2021\/valores-e-inscricoes\/","name":"Valores e inscri\u00e7\u00f5es - 25\u00aa Jornada Escola Brasileira de Psican\u00e1lise \u2013 MG","isPartOf":{"@id":"https:\/\/www.jornadaebpmg.com.br\/2021\/#website"},"datePublished":"2021-05-28T05:08:00+00:00","dateModified":"2021-10-14T15:27:08+00:00","breadcrumb":{"@id":"https:\/\/www.jornadaebpmg.com.br\/2021\/valores-e-inscricoes\/#breadcrumb"},"inLanguage":"pt-BR","potentialAction":[{"@type":"ReadAction","target":["https:\/\/www.jornadaebpmg.com.br\/2021\/valores-e-inscricoes\/"]}]},{"@type":"BreadcrumbList","@id":"https:\/\/www.jornadaebpmg.com.br\/2021\/valores-e-inscricoes\/#breadcrumb","itemListElement":[{"@type":"ListItem","position":1,"name":"Home","item":"https:\/\/www.jornadaebpmg.com.br\/2021\/"},{"@type":"ListItem","position":2,"name":"Valores e inscri\u00e7\u00f5es"}]}]}},"_links":{"self":[{"href":"https:\/\/www.jornadaebpmg.com.br\/2021\/wp-json\/wp\/v2\/pages\/815","targetHints":{"allow":["GET"]}}],"collection":[{"href":"https:\/\/www.jornadaebpmg.com.br\/2021\/wp-json\/wp\/v2\/pages"}],"about":[{"href":"https:\/\/www.jornadaebpmg.com.br\/2021\/wp-json\/wp\/v2\/types\/page"}],"author":[{"embeddable":true,"href":"https:\/\/www.jornadaebpmg.com.br\/2021\/wp-json\/wp\/v2\/users\/1"}],"replies":[{"embeddable":true,"href":"https:\/\/www.jornadaebpmg.com.br\/2021\/wp-json\/wp\/v2\/comments?post=815"}],"version-history":[{"count":10,"href":"https:\/\/www.jornadaebpmg.com.br\/2021\/wp-json\/wp\/v2\/pages\/815\/revisions"}],"predecessor-version":[{"id":2001,"href":"https:\/\/www.jornadaebpmg.com.br\/2021\/wp-json\/wp\/v2\/pages\/815\/revisions\/2001"}],"wp:attachment":[{"href":"https:\/\/www.jornadaebpmg.com.br\/2021\/wp-json\/wp\/v2\/media?parent=815"}],"curies":[{"name":"wp","href":"https:\/\/api.w.org\/{rel}","templated":true}]}}