{"id":910,"date":"2021-05-28T17:11:56","date_gmt":"2021-05-28T20:11:56","guid":{"rendered":"https:\/\/www.jornadaebpmg.com.br\/2021\/?page_id=910"},"modified":"2021-09-14T12:00:48","modified_gmt":"2021-09-14T15:00:48","slug":"conversacoes-preparatorias1","status":"publish","type":"page","link":"https:\/\/www.jornadaebpmg.com.br\/2021\/conversacoes-preparatorias1\/","title":{"rendered":"Conversa\u00e7\u00f5es preparat\u00f3rias"},"content":{"rendered":"<p>[vc_row row_height_percent=&#8221;0&#8243; override_padding=&#8221;yes&#8221; h_padding=&#8221;2&#8243; top_padding=&#8221;0&#8243; bottom_padding=&#8221;2&#8243; back_color=&#8221;color-jevc&#8221; overlay_alpha=&#8221;50&#8243; gutter_size=&#8221;3&#8243; column_width_percent=&#8221;100&#8243; shift_y=&#8221;0&#8243; z_index=&#8221;0&#8243;][vc_column column_width_percent=&#8221;100&#8243; gutter_size=&#8221;0&#8243; override_padding=&#8221;yes&#8221; column_padding=&#8221;0&#8243; back_color=&#8221;color-xsdn&#8221; overlay_alpha=&#8221;50&#8243; shift_x=&#8221;0&#8243; shift_y=&#8221;0&#8243; shift_y_down=&#8221;0&#8243; z_index=&#8221;0&#8243; medium_width=&#8221;0&#8243; mobile_width=&#8221;0&#8243; width=&#8221;1\/1&#8243;][vc_row_inner row_inner_height_percent=&#8221;0&#8243; overlay_alpha=&#8221;50&#8243; gutter_size=&#8221;3&#8243; shift_y=&#8221;0&#8243; z_index=&#8221;0&#8243;][vc_column_inner column_width_percent=&#8221;100&#8243; position_vertical=&#8221;bottom&#8221; gutter_size=&#8221;3&#8243; back_color=&#8221;accent&#8221; overlay_alpha=&#8221;50&#8243; shift_x=&#8221;0&#8243; shift_y=&#8221;0&#8243; shift_y_down=&#8221;0&#8243; z_index=&#8221;0&#8243; medium_width=&#8221;0&#8243; mobile_width=&#8221;0&#8243; css_animation=&#8221;bottom-t-top&#8221; animation_speed=&#8221;300&#8243; width=&#8221;1\/1&#8243;][vc_empty_space empty_h=&#8221;2&#8243;][vc_custom_heading heading_semantic=&#8221;h1&#8243; text_font=&#8221;font-185386&#8243; text_size=&#8221;h1&#8243; text_color=&#8221;color-xsdn&#8221;]Conversa\u00e7\u00f5es Preparat\u00f3rias[\/vc_custom_heading][\/vc_column_inner][\/vc_row_inner][\/vc_column][\/vc_row][vc_row row_height_percent=&#8221;0&#8243; override_padding=&#8221;yes&#8221; h_padding=&#8221;2&#8243; top_padding=&#8221;0&#8243; bottom_padding=&#8221;2&#8243; back_color=&#8221;color-jevc&#8221; overlay_alpha=&#8221;50&#8243; equal_height=&#8221;yes&#8221; gutter_size=&#8221;2&#8243; column_width_percent=&#8221;100&#8243; shift_y=&#8221;0&#8243; z_index=&#8221;0&#8243;][vc_column column_width_percent=&#8221;100&#8243; gutter_size=&#8221;0&#8243; override_padding=&#8221;yes&#8221; column_padding=&#8221;0&#8243; overlay_alpha=&#8221;50&#8243; shift_x=&#8221;0&#8243; shift_y=&#8221;0&#8243; shift_y_down=&#8221;0&#8243; z_index=&#8221;0&#8243; medium_width=&#8221;4&#8243; mobile_width=&#8221;7&#8243; width=&#8221;1\/2&#8243;][vc_single_image media=&#8221;1078&#8243; media_width_percent=&#8221;100&#8243; media_link=&#8221;target:_blank&#8221;][\/vc_column][vc_column column_width_percent=&#8221;100&#8243; gutter_size=&#8221;2&#8243; override_padding=&#8221;yes&#8221; column_padding=&#8221;0&#8243; overlay_alpha=&#8221;50&#8243; shift_x=&#8221;0&#8243; shift_y=&#8221;0&#8243; shift_y_down=&#8221;0&#8243; z_index=&#8221;0&#8243; medium_width=&#8221;4&#8243; mobile_width=&#8221;7&#8243; width=&#8221;1\/2&#8243;][vc_single_image media=&#8221;1393&#8243; media_width_percent=&#8221;100&#8243; media_link=&#8221;target:_blank&#8221;][\/vc_column][\/vc_row][vc_row row_height_percent=&#8221;0&#8243; override_padding=&#8221;yes&#8221; h_padding=&#8221;2&#8243; top_padding=&#8221;0&#8243; bottom_padding=&#8221;2&#8243; back_color=&#8221;color-jevc&#8221; overlay_alpha=&#8221;50&#8243; equal_height=&#8221;yes&#8221; gutter_size=&#8221;2&#8243; column_width_percent=&#8221;100&#8243; shift_y=&#8221;0&#8243; z_index=&#8221;0&#8243;][vc_column column_width_percent=&#8221;100&#8243; gutter_size=&#8221;2&#8243; override_padding=&#8221;yes&#8221; column_padding=&#8221;0&#8243; overlay_alpha=&#8221;50&#8243; shift_x=&#8221;0&#8243; shift_y=&#8221;0&#8243; shift_y_down=&#8221;0&#8243; z_index=&#8221;0&#8243; medium_width=&#8221;4&#8243; mobile_width=&#8221;7&#8243; width=&#8221;1\/2&#8243;][vc_single_image media=&#8221;1449&#8243; media_width_percent=&#8221;100&#8243; media_link=&#8221;target:_blank&#8221;][\/vc_column][vc_column column_width_percent=&#8221;100&#8243; gutter_size=&#8221;0&#8243; override_padding=&#8221;yes&#8221; column_padding=&#8221;0&#8243; overlay_alpha=&#8221;50&#8243; shift_x=&#8221;0&#8243; shift_y=&#8221;0&#8243; shift_y_down=&#8221;0&#8243; z_index=&#8221;0&#8243; medium_width=&#8221;4&#8243; mobile_width=&#8221;7&#8243; width=&#8221;1\/2&#8243;][vc_single_image media=&#8221;1468&#8243; media_width_percent=&#8221;100&#8243; media_link=&#8221;target:_blank&#8221;][\/vc_column][\/vc_row][vc_row row_height_percent=&#8221;0&#8243; override_padding=&#8221;yes&#8221; h_padding=&#8221;2&#8243; top_padding=&#8221;0&#8243; bottom_padding=&#8221;2&#8243; back_color=&#8221;color-jevc&#8221; overlay_alpha=&#8221;50&#8243; equal_height=&#8221;yes&#8221; gutter_size=&#8221;2&#8243; column_width_percent=&#8221;100&#8243; shift_y=&#8221;0&#8243; z_index=&#8221;0&#8243; row_name=&#8221;eixo5&#8243;][vc_column column_width_percent=&#8221;100&#8243; align_horizontal=&#8221;align_center&#8221; gutter_size=&#8221;0&#8243; override_padding=&#8221;yes&#8221; column_padding=&#8221;0&#8243; back_color=&#8221;color-vyce&#8221; overlay_alpha=&#8221;50&#8243; shift_x=&#8221;0&#8243; shift_y=&#8221;0&#8243; shift_y_down=&#8221;0&#8243; z_index=&#8221;0&#8243; medium_width=&#8221;4&#8243; mobile_width=&#8221;7&#8243; width=&#8221;1\/2&#8243;][vc_single_image media=&#8221;1721&#8243; media_width_percent=&#8221;100&#8243; media_link=&#8221;url:https%3A%2F%2Fforms.gle%2FmS85SVX4VGK2SrgZA|target:_blank&#8221;][vc_button button_color=&#8221;color-162912&#8243; border_width=&#8221;0&#8243; link=&#8221;url:https%3A%2F%2Fforms.gle%2FmS85SVX4VGK2SrgZA|title:Valores%20e%20inscri%C3%A7%C3%B5es|target:_blank&#8221; el_class=&#8221;botao-valores2&#8243; el_id=&#8221;botao-valores2&#8243;]INSCREVA-SE AQUI[\/vc_button][\/vc_column][vc_column column_width_percent=&#8221;100&#8243; gutter_size=&#8221;0&#8243; override_padding=&#8221;yes&#8221; column_padding=&#8221;0&#8243; back_color=&#8221;color-jevc&#8221; overlay_alpha=&#8221;50&#8243; shift_x=&#8221;0&#8243; shift_y=&#8221;0&#8243; shift_y_down=&#8221;0&#8243; z_index=&#8221;0&#8243; medium_width=&#8221;0&#8243; mobile_visibility=&#8221;yes&#8221; mobile_width=&#8221;0&#8243; width=&#8221;1\/2&#8243;][\/vc_column][\/vc_row]<\/p>\n<div id=\"read_unread\"><\/div>","protected":false},"excerpt":{"rendered":"<p>[vc_row row_height_percent=&#8221;0&#8243; override_padding=&#8221;yes&#8221; h_padding=&#8221;2&#8243; top_padding=&#8221;0&#8243; bottom_padding=&#8221;2&#8243; back_color=&#8221;color-jevc&#8221; overlay_alpha=&#8221;50&#8243; gutter_size=&#8221;3&#8243; column_width_percent=&#8221;100&#8243; shift_y=&#8221;0&#8243; z_index=&#8221;0&#8243;][vc_column column_width_percent=&#8221;100&#8243; gutter_size=&#8221;0&#8243; override_padding=&#8221;yes&#8221; column_padding=&#8221;0&#8243; back_color=&#8221;color-xsdn&#8221; overlay_alpha=&#8221;50&#8243; shift_x=&#8221;0&#8243; shift_y=&#8221;0&#8243; [&hellip;]<\/p>\n","protected":false},"author":1,"featured_media":0,"parent":0,"menu_order":0,"comment_status":"closed","ping_status":"closed","template":"","meta":{"h5ap_radio_sources":[],"footnotes":""},"class_list":["post-910","page","type-page","status-publish","hentry"],"yoast_head":"<!-- This site is optimized with the Yoast SEO plugin v18.5.1 - https:\/\/yoast.com\/wordpress\/plugins\/seo\/ -->\n<title>Conversa\u00e7\u00f5es preparat\u00f3rias - 25\u00aa Jornada Escola Brasileira de Psican\u00e1lise \u2013 MG<\/title>\n<meta name=\"robots\" content=\"noindex, follow, max-snippet:-1, max-image-preview:large, max-video-preview:-1\" \/>\n<meta property=\"og:locale\" content=\"pt_BR\" \/>\n<meta property=\"og:type\" content=\"article\" \/>\n<meta property=\"og:title\" content=\"Conversa\u00e7\u00f5es preparat\u00f3rias - 25\u00aa Jornada Escola Brasileira de Psican\u00e1lise \u2013 MG\" \/>\n<meta property=\"og:description\" content=\"[vc_row row_height_percent=&#8221;0&#8243; override_padding=&#8221;yes&#8221; h_padding=&#8221;2&#8243; top_padding=&#8221;0&#8243; bottom_padding=&#8221;2&#8243; back_color=&#8221;color-jevc&#8221; overlay_alpha=&#8221;50&#8243; gutter_size=&#8221;3&#8243; column_width_percent=&#8221;100&#8243; shift_y=&#8221;0&#8243; z_index=&#8221;0&#8243;][vc_column column_width_percent=&#8221;100&#8243; gutter_size=&#8221;0&#8243; override_padding=&#8221;yes&#8221; column_padding=&#8221;0&#8243; back_color=&#8221;color-xsdn&#8221; overlay_alpha=&#8221;50&#8243; shift_x=&#8221;0&#8243; shift_y=&#8221;0&#8243; [&hellip;]\" \/>\n<meta property=\"og:url\" content=\"https:\/\/www.jornadaebpmg.com.br\/2021\/conversacoes-preparatorias1\/\" \/>\n<meta property=\"og:site_name\" content=\"25\u00aa Jornada Escola Brasileira de Psican\u00e1lise \u2013 MG\" \/>\n<meta property=\"article:modified_time\" content=\"2021-09-14T15:00:48+00:00\" \/>\n<meta name=\"twitter:card\" content=\"summary_large_image\" \/>\n<meta name=\"twitter:label1\" content=\"Est. tempo de leitura\" \/>\n\t<meta name=\"twitter:data1\" content=\"2 minutos\" \/>\n<script type=\"application\/ld+json\" class=\"yoast-schema-graph\">{\"@context\":\"https:\/\/schema.org\",\"@graph\":[{\"@type\":\"WebSite\",\"@id\":\"https:\/\/www.jornadaebpmg.com.br\/2021\/#website\",\"url\":\"https:\/\/www.jornadaebpmg.com.br\/2021\/\",\"name\":\"25\u00aa Jornada Escola Brasileira de Psican\u00e1lise \u2013 MG\",\"description\":\"Edi\u00e7\u00e3o 2021\",\"potentialAction\":[{\"@type\":\"SearchAction\",\"target\":{\"@type\":\"EntryPoint\",\"urlTemplate\":\"https:\/\/www.jornadaebpmg.com.br\/2021\/?s={search_term_string}\"},\"query-input\":\"required name=search_term_string\"}],\"inLanguage\":\"pt-BR\"},{\"@type\":\"WebPage\",\"@id\":\"https:\/\/www.jornadaebpmg.com.br\/2021\/conversacoes-preparatorias1\/#webpage\",\"url\":\"https:\/\/www.jornadaebpmg.com.br\/2021\/conversacoes-preparatorias1\/\",\"name\":\"Conversa\u00e7\u00f5es preparat\u00f3rias - 25\u00aa Jornada Escola Brasileira de Psican\u00e1lise \u2013 MG\",\"isPartOf\":{\"@id\":\"https:\/\/www.jornadaebpmg.com.br\/2021\/#website\"},\"datePublished\":\"2021-05-28T20:11:56+00:00\",\"dateModified\":\"2021-09-14T15:00:48+00:00\",\"breadcrumb\":{\"@id\":\"https:\/\/www.jornadaebpmg.com.br\/2021\/conversacoes-preparatorias1\/#breadcrumb\"},\"inLanguage\":\"pt-BR\",\"potentialAction\":[{\"@type\":\"ReadAction\",\"target\":[\"https:\/\/www.jornadaebpmg.com.br\/2021\/conversacoes-preparatorias1\/\"]}]},{\"@type\":\"BreadcrumbList\",\"@id\":\"https:\/\/www.jornadaebpmg.com.br\/2021\/conversacoes-preparatorias1\/#breadcrumb\",\"itemListElement\":[{\"@type\":\"ListItem\",\"position\":1,\"name\":\"Home\",\"item\":\"https:\/\/www.jornadaebpmg.com.br\/2021\/\"},{\"@type\":\"ListItem\",\"position\":2,\"name\":\"Conversa\u00e7\u00f5es preparat\u00f3rias\"}]}]}<\/script>\n<!-- \/ Yoast SEO plugin. -->","yoast_head_json":{"title":"Conversa\u00e7\u00f5es preparat\u00f3rias - 25\u00aa Jornada Escola Brasileira de Psican\u00e1lise \u2013 MG","robots":{"index":"noindex","follow":"follow","max-snippet":"max-snippet:-1","max-image-preview":"max-image-preview:large","max-video-preview":"max-video-preview:-1"},"og_locale":"pt_BR","og_type":"article","og_title":"Conversa\u00e7\u00f5es preparat\u00f3rias - 25\u00aa Jornada Escola Brasileira de Psican\u00e1lise \u2013 MG","og_description":"[vc_row row_height_percent=&#8221;0&#8243; override_padding=&#8221;yes&#8221; h_padding=&#8221;2&#8243; top_padding=&#8221;0&#8243; bottom_padding=&#8221;2&#8243; back_color=&#8221;color-jevc&#8221; overlay_alpha=&#8221;50&#8243; gutter_size=&#8221;3&#8243; column_width_percent=&#8221;100&#8243; shift_y=&#8221;0&#8243; z_index=&#8221;0&#8243;][vc_column column_width_percent=&#8221;100&#8243; gutter_size=&#8221;0&#8243; override_padding=&#8221;yes&#8221; column_padding=&#8221;0&#8243; back_color=&#8221;color-xsdn&#8221; overlay_alpha=&#8221;50&#8243; shift_x=&#8221;0&#8243; shift_y=&#8221;0&#8243; [&hellip;]","og_url":"https:\/\/www.jornadaebpmg.com.br\/2021\/conversacoes-preparatorias1\/","og_site_name":"25\u00aa Jornada Escola Brasileira de Psican\u00e1lise \u2013 MG","article_modified_time":"2021-09-14T15:00:48+00:00","twitter_card":"summary_large_image","twitter_misc":{"Est. tempo de leitura":"2 minutos"},"schema":{"@context":"https:\/\/schema.org","@graph":[{"@type":"WebSite","@id":"https:\/\/www.jornadaebpmg.com.br\/2021\/#website","url":"https:\/\/www.jornadaebpmg.com.br\/2021\/","name":"25\u00aa Jornada Escola Brasileira de Psican\u00e1lise \u2013 MG","description":"Edi\u00e7\u00e3o 2021","potentialAction":[{"@type":"SearchAction","target":{"@type":"EntryPoint","urlTemplate":"https:\/\/www.jornadaebpmg.com.br\/2021\/?s={search_term_string}"},"query-input":"required name=search_term_string"}],"inLanguage":"pt-BR"},{"@type":"WebPage","@id":"https:\/\/www.jornadaebpmg.com.br\/2021\/conversacoes-preparatorias1\/#webpage","url":"https:\/\/www.jornadaebpmg.com.br\/2021\/conversacoes-preparatorias1\/","name":"Conversa\u00e7\u00f5es preparat\u00f3rias - 25\u00aa Jornada Escola Brasileira de Psican\u00e1lise \u2013 MG","isPartOf":{"@id":"https:\/\/www.jornadaebpmg.com.br\/2021\/#website"},"datePublished":"2021-05-28T20:11:56+00:00","dateModified":"2021-09-14T15:00:48+00:00","breadcrumb":{"@id":"https:\/\/www.jornadaebpmg.com.br\/2021\/conversacoes-preparatorias1\/#breadcrumb"},"inLanguage":"pt-BR","potentialAction":[{"@type":"ReadAction","target":["https:\/\/www.jornadaebpmg.com.br\/2021\/conversacoes-preparatorias1\/"]}]},{"@type":"BreadcrumbList","@id":"https:\/\/www.jornadaebpmg.com.br\/2021\/conversacoes-preparatorias1\/#breadcrumb","itemListElement":[{"@type":"ListItem","position":1,"name":"Home","item":"https:\/\/www.jornadaebpmg.com.br\/2021\/"},{"@type":"ListItem","position":2,"name":"Conversa\u00e7\u00f5es preparat\u00f3rias"}]}]}},"_links":{"self":[{"href":"https:\/\/www.jornadaebpmg.com.br\/2021\/wp-json\/wp\/v2\/pages\/910","targetHints":{"allow":["GET"]}}],"collection":[{"href":"https:\/\/www.jornadaebpmg.com.br\/2021\/wp-json\/wp\/v2\/pages"}],"about":[{"href":"https:\/\/www.jornadaebpmg.com.br\/2021\/wp-json\/wp\/v2\/types\/page"}],"author":[{"embeddable":true,"href":"https:\/\/www.jornadaebpmg.com.br\/2021\/wp-json\/wp\/v2\/users\/1"}],"replies":[{"embeddable":true,"href":"https:\/\/www.jornadaebpmg.com.br\/2021\/wp-json\/wp\/v2\/comments?post=910"}],"version-history":[{"count":10,"href":"https:\/\/www.jornadaebpmg.com.br\/2021\/wp-json\/wp\/v2\/pages\/910\/revisions"}],"predecessor-version":[{"id":1726,"href":"https:\/\/www.jornadaebpmg.com.br\/2021\/wp-json\/wp\/v2\/pages\/910\/revisions\/1726"}],"wp:attachment":[{"href":"https:\/\/www.jornadaebpmg.com.br\/2021\/wp-json\/wp\/v2\/media?parent=910"}],"curies":[{"name":"wp","href":"https:\/\/api.w.org\/{rel}","templated":true}]}}