{"id":23,"date":"2026-04-07T06:17:01","date_gmt":"2026-04-07T06:17:01","guid":{"rendered":"https:\/\/www.jornadaebpmg.com.br\/2026\/?page_id=23"},"modified":"2026-04-09T20:15:18","modified_gmt":"2026-04-09T20:15:18","slug":"inscricoes","status":"publish","type":"page","link":"https:\/\/www.jornadaebpmg.com.br\/2026\/inscricoes\/","title":{"rendered":"Inscri\u00e7\u00f5es"},"content":{"rendered":"<div class=\"wpb-content-wrapper\"><p>[vc_row row_height_percent=&#8221;0&#8243; back_color=&#8221;color-251008&#8243; overlay_alpha=&#8221;50&#8243; gutter_size=&#8221;3&#8243; column_width_percent=&#8221;100&#8243; shift_y=&#8221;0&#8243; z_index=&#8221;0&#8243; content_parallax=&#8221;0&#8243; uncode_shortcode_id=&#8221;163681&#8243; back_color_type=&#8221;uncode-palette&#8221;][vc_column width=&#8221;1\/1&#8243;][vc_button button_color=&#8221;color-jevc&#8221; radius=&#8221;btn-default-shape&#8221; border_width=&#8221;0&#8243; link=&#8221;url:https%3A%2F%2Fwww.sympla.com.br%2Fevento%2F28-jornada-da-escola-brasileira-de-psicanalise-secao-minas-gerais%2F3362766|target:_blank&#8221; button_color_type=&#8221;uncode-palette&#8221; uncode_shortcode_id=&#8221;968897&#8243;]INSCREVA-SE[\/vc_button][vc_custom_heading text_color=&#8221;color-210407&#8243; text_font=&#8221;font-175661&#8243; uncode_shortcode_id=&#8221;137029&#8243; text_color_type=&#8221;uncode-palette&#8221;]Valores da inscri\u00e7\u00e3o[\/vc_custom_heading][vc_row_inner][vc_column_inner column_width_percent=&#8221;100&#8243; gutter_size=&#8221;2&#8243; overlay_color=&#8221;color-nhtu&#8221; overlay_alpha=&#8221;5&#8243; shift_x=&#8221;0&#8243; shift_y=&#8221;0&#8243; shift_y_down=&#8221;0&#8243; z_index=&#8221;0&#8243; medium_width=&#8221;0&#8243; mobile_width=&#8221;0&#8243; width=&#8221;1\/1&#8243; uncode_shortcode_id=&#8221;208530&#8243; overlay_color_type=&#8221;uncode-palette&#8221; css=&#8221;.vc_custom_1775645718499{padding-top: 20px !important;padding-right: 20px !important;padding-bottom: 20px !important;padding-left: 20px !important;}&#8221;][vc_custom_heading text_color=&#8221;color-jevc&#8221; text_font=&#8221;font-175661&#8243; text_size=&#8221;h3&#8243; uncode_shortcode_id=&#8221;213954&#8243; text_color_type=&#8221;uncode-palette&#8221;]<strong>Estudantes de gradua\u00e7\u00e3o<\/strong>[\/vc_custom_heading][vc_column_text uncode_shortcode_id=&#8221;211450&#8243;]<\/p>\n<table width=\"576\">\n<tbody>\n<tr>\n<td width=\"144\"><strong>Lote<\/strong><\/td>\n<td width=\"144\"><strong>Valor + Taxa<\/strong><\/td>\n<td width=\"144\"><strong>Total (R$<\/strong>)<\/td>\n<td width=\"144\"><\/td>\n<\/tr>\n<tr>\n<td width=\"144\">1\u00ba lote<\/td>\n<td width=\"144\">220 + 22<\/td>\n<td width=\"144\">242<\/td>\n<td width=\"144\">At\u00e9 14\/06<\/td>\n<\/tr>\n<tr>\n<td width=\"144\">2\u00ba lote<\/td>\n<td width=\"144\">260 + 26<\/td>\n<td width=\"144\">286<\/td>\n<td width=\"144\">De 15\/06 a 13\/09<\/td>\n<\/tr>\n<tr>\n<td width=\"144\">3\u00ba lote<\/td>\n<td width=\"144\">320 + 32<\/td>\n<td width=\"144\">352<\/td>\n<td width=\"144\">A partir de 14\/09<\/td>\n<\/tr>\n<\/tbody>\n<\/table>\n<p>[\/vc_column_text][\/vc_column_inner][\/vc_row_inner][vc_row_inner][vc_column_inner column_width_percent=&#8221;100&#8243; gutter_size=&#8221;2&#8243; overlay_color=&#8221;color-nhtu&#8221; overlay_alpha=&#8221;5&#8243; shift_x=&#8221;0&#8243; shift_y=&#8221;0&#8243; shift_y_down=&#8221;0&#8243; z_index=&#8221;0&#8243; medium_width=&#8221;0&#8243; mobile_width=&#8221;0&#8243; width=&#8221;1\/1&#8243; uncode_shortcode_id=&#8221;208530&#8243; overlay_color_type=&#8221;uncode-palette&#8221; css=&#8221;.vc_custom_1775645718499{padding-top: 20px !important;padding-right: 20px !important;padding-bottom: 20px !important;padding-left: 20px !important;}&#8221;][vc_custom_heading text_color=&#8221;color-jevc&#8221; text_font=&#8221;font-175661&#8243; text_size=&#8221;h3&#8243; uncode_shortcode_id=&#8221;919969&#8243; text_color_type=&#8221;uncode-palette&#8221;]<strong>Alunos do IPSM-MG, alunos de p\u00f3s-gradua\u00e7\u00e3o e servidores da rede p\u00fablica<\/strong>[\/vc_custom_heading][vc_column_text uncode_shortcode_id=&#8221;175376&#8243;]<\/p>\n<table width=\"576\">\n<tbody>\n<tr>\n<td width=\"144\">Lote<\/td>\n<td width=\"144\">Valor + Taxa<\/td>\n<td width=\"144\">Total (R$)<\/td>\n<td width=\"144\"><\/td>\n<\/tr>\n<tr>\n<td width=\"144\">1\u00ba lote<\/td>\n<td width=\"144\">420 + 42<\/td>\n<td width=\"144\">462<\/td>\n<td width=\"144\">At\u00e9 14\/06<\/td>\n<\/tr>\n<tr>\n<td width=\"144\">2\u00ba lote<\/td>\n<td width=\"144\">480 + 48<\/td>\n<td width=\"144\">528<\/td>\n<td width=\"144\">De 15\/06 a 13\/09<\/td>\n<\/tr>\n<tr>\n<td width=\"144\">3\u00ba lote<\/td>\n<td width=\"144\">520 + 52<\/td>\n<td width=\"144\">572<\/td>\n<td width=\"144\">A partir de 14\/09<\/td>\n<\/tr>\n<\/tbody>\n<\/table>\n<p>[\/vc_column_text][\/vc_column_inner][\/vc_row_inner][vc_row_inner][vc_column_inner column_width_percent=&#8221;100&#8243; gutter_size=&#8221;2&#8243; overlay_color=&#8221;color-nhtu&#8221; overlay_alpha=&#8221;5&#8243; shift_x=&#8221;0&#8243; shift_y=&#8221;0&#8243; shift_y_down=&#8221;0&#8243; z_index=&#8221;0&#8243; medium_width=&#8221;0&#8243; mobile_width=&#8221;0&#8243; width=&#8221;1\/1&#8243; uncode_shortcode_id=&#8221;208530&#8243; overlay_color_type=&#8221;uncode-palette&#8221; css=&#8221;.vc_custom_1775645718499{padding-top: 20px !important;padding-right: 20px !important;padding-bottom: 20px !important;padding-left: 20px !important;}&#8221;][vc_custom_heading text_color=&#8221;color-jevc&#8221; text_font=&#8221;font-175661&#8243; text_size=&#8221;h3&#8243; uncode_shortcode_id=&#8221;105873&#8243; text_color_type=&#8221;uncode-palette&#8221;]<strong>Membros da EBP, profissionais e p\u00fablico em geral<\/strong>[\/vc_custom_heading][vc_column_text uncode_shortcode_id=&#8221;134555&#8243;]<\/p>\n<table width=\"576\">\n<tbody>\n<tr>\n<td width=\"144\"><strong>Lote<\/strong><\/td>\n<td width=\"144\"><strong>Valor + Taxa<\/strong><\/td>\n<td width=\"144\"><strong>Total (R$)<\/strong><\/td>\n<td width=\"144\"><\/td>\n<\/tr>\n<tr>\n<td width=\"144\">1\u00ba lote<\/td>\n<td width=\"144\">540 + 54<\/td>\n<td width=\"144\">594<\/td>\n<td width=\"144\">At\u00e9 14\/06<\/td>\n<\/tr>\n<tr>\n<td width=\"144\">2\u00ba lote<\/td>\n<td width=\"144\">590 + 59<\/td>\n<td width=\"144\">649<\/td>\n<td width=\"144\">De 15\/06 a 13\/09<\/td>\n<\/tr>\n<tr>\n<td width=\"144\">3\u00ba lote<\/td>\n<td width=\"144\">640 + 64<\/td>\n<td width=\"144\">704<\/td>\n<td width=\"144\">A partir de 14\/09<\/td>\n<\/tr>\n<\/tbody>\n<\/table>\n<p>[\/vc_column_text][\/vc_column_inner][\/vc_row_inner][vc_custom_heading text_color=&#8221;color-210407&#8243; text_font=&#8221;font-175661&#8243; uncode_shortcode_id=&#8221;196294&#8243; text_color_type=&#8221;uncode-palette&#8221;]Requisitos de inscri\u00e7\u00e3o para cada categoria[\/vc_custom_heading][vc_row_inner][vc_column_inner column_width_percent=&#8221;100&#8243; gutter_size=&#8221;2&#8243; overlay_color=&#8221;color-nhtu&#8221; overlay_alpha=&#8221;5&#8243; shift_x=&#8221;0&#8243; shift_y=&#8221;0&#8243; shift_y_down=&#8221;0&#8243; z_index=&#8221;0&#8243; medium_width=&#8221;0&#8243; mobile_width=&#8221;0&#8243; width=&#8221;1\/1&#8243; uncode_shortcode_id=&#8221;208530&#8243; overlay_color_type=&#8221;uncode-palette&#8221; css=&#8221;.vc_custom_1775645718499{padding-top: 20px !important;padding-right: 20px !important;padding-bottom: 20px !important;padding-left: 20px !important;}&#8221;][vc_column_text uncode_shortcode_id=&#8221;143292&#8243;]Prezado(a) participante,<\/p>\n<p>Para validar sua inscri\u00e7\u00e3o e garantir o valor correspondente \u00e0 sua categoria, solicitamos o envio do comprovante atualizado para o e-mail: <a href=\"mailto:jornadaebpmg@gmail.com\" target=\"_blank\" rel=\"noopener\">jornadaebpmg@gmail.com<\/a><\/p>\n<p>No campo Assunto do e-mail, escreva: <strong>Comprova\u00e7\u00e3o de Categoria \u2013 [Seu Nome Completo]<\/strong>.<\/p>\n<p><strong>Documentos Aceitos por Categoria:<\/strong><\/p>\n<p>\u2022 Estudantes de Gradua\u00e7\u00e3o: Comprovante de matr\u00edcula atualizado (semestre vigente) ou carteirinha de estudante com validade vis\u00edvel.<\/p>\n<p>\u2022 Estudantes de P\u00f3s-Gradua\u00e7\u00e3o: Comprovante de matr\u00edcula atualizado (semestre vigente) ou carteirinha de estudante com validade vis\u00edvel.<\/p>\n<p>\u2022 Alunos do IPSM-MG: Comprovante de matr\u00edcula atualizado (semestre vigente) ou declara\u00e7\u00e3o de v\u00ednculo emitida pelo Instituto.<\/p>\n<p>\u2022 Servidores P\u00fablicos: \u00daltimo contracheque, crach\u00e1 funcional (frente e verso) ou declara\u00e7\u00e3o emitida pelo \u00f3rg\u00e3o de lota\u00e7\u00e3o.[\/vc_column_text][\/vc_column_inner][\/vc_row_inner][vc_button button_color=&#8221;color-jevc&#8221; radius=&#8221;btn-default-shape&#8221; border_width=&#8221;0&#8243; link=&#8221;url:https%3A%2F%2Fwww.sympla.com.br%2Fevento%2F28-jornada-da-escola-brasileira-de-psicanalise-secao-minas-gerais%2F3362766|target:_blank&#8221; button_color_type=&#8221;uncode-palette&#8221; uncode_shortcode_id=&#8221;773093&#8243;]INSCREVA-SE[\/vc_button][\/vc_column][\/vc_row]<\/p>\n<\/div>","protected":false},"excerpt":{"rendered":"<p>[vc_row row_height_percent=&#8221;0&#8243; back_color=&#8221;color-251008&#8243; overlay_alpha=&#8221;50&#8243; gutter_size=&#8221;3&#8243; column_width_percent=&#8221;100&#8243; shift_y=&#8221;0&#8243; z_index=&#8221;0&#8243; content_parallax=&#8221;0&#8243; uncode_shortcode_id=&#8221;163681&#8243; back_color_type=&#8221;uncode-palette&#8221;][vc_column width=&#8221;1\/1&#8243;][vc_button button_color=&#8221;color-jevc&#8221; radius=&#8221;btn-default-shape&#8221; border_width=&#8221;0&#8243; link=&#8221;url:https%3A%2F%2Fwww.sympla.com.br%2Fevento%2F28-jornada-da-escola-brasileira-de-psicanalise-secao-minas-gerais%2F3362766|target:_blank&#8221; button_color_type=&#8221;uncode-palette&#8221; uncode_shortcode_id=&#8221;968897&#8243;]INSCREVA-SE[\/vc_button][vc_custom_heading text_color=&#8221;color-210407&#8243; text_font=&#8221;font-175661&#8243; [&hellip;]<\/p>\n","protected":false},"author":1,"featured_media":0,"parent":0,"menu_order":0,"comment_status":"closed","ping_status":"closed","template":"","meta":{"footnotes":""},"class_list":["post-23","page","type-page","status-publish","hentry"],"yoast_head":"<!-- This site is optimized with the Yoast SEO plugin v27.3 - https:\/\/yoast.com\/product\/yoast-seo-wordpress\/ -->\n<title>Inscri\u00e7\u00f5es - 28\u00aa Jornada da Escola Brasileira de Psican\u00e1lise - Minas Gerais<\/title>\n<meta name=\"robots\" content=\"noindex, follow, max-snippet:-1, max-image-preview:large, max-video-preview:-1\" \/>\n<meta property=\"og:locale\" content=\"pt_BR\" \/>\n<meta property=\"og:type\" content=\"article\" \/>\n<meta property=\"og:title\" content=\"Inscri\u00e7\u00f5es - 28\u00aa Jornada da Escola Brasileira de Psican\u00e1lise - Minas Gerais\" \/>\n<meta property=\"og:description\" content=\"[vc_row row_height_percent=&#8221;0&#8243; back_color=&#8221;color-251008&#8243; overlay_alpha=&#8221;50&#8243; gutter_size=&#8221;3&#8243; column_width_percent=&#8221;100&#8243; shift_y=&#8221;0&#8243; z_index=&#8221;0&#8243; content_parallax=&#8221;0&#8243; uncode_shortcode_id=&#8221;163681&#8243; back_color_type=&#8221;uncode-palette&#8221;][vc_column width=&#8221;1\/1&#8243;][vc_button button_color=&#8221;color-jevc&#8221; radius=&#8221;btn-default-shape&#8221; border_width=&#8221;0&#8243; link=&#8221;url:https%3A%2F%2Fwww.sympla.com.br%2Fevento%2F28-jornada-da-escola-brasileira-de-psicanalise-secao-minas-gerais%2F3362766|target:_blank&#8221; button_color_type=&#8221;uncode-palette&#8221; uncode_shortcode_id=&#8221;968897&#8243;]INSCREVA-SE[\/vc_button][vc_custom_heading text_color=&#8221;color-210407&#8243; text_font=&#8221;font-175661&#8243; [&hellip;]\" \/>\n<meta property=\"og:url\" content=\"https:\/\/www.jornadaebpmg.com.br\/2026\/inscricoes\/\" \/>\n<meta property=\"og:site_name\" content=\"28\u00aa Jornada da Escola Brasileira de Psican\u00e1lise - Minas Gerais\" \/>\n<meta property=\"article:modified_time\" content=\"2026-04-09T20:15:18+00:00\" \/>\n<meta name=\"twitter:card\" content=\"summary_large_image\" \/>\n<meta name=\"twitter:label1\" content=\"Est. tempo de leitura\" \/>\n\t<meta name=\"twitter:data1\" content=\"3 minutos\" \/>\n<script type=\"application\/ld+json\" class=\"yoast-schema-graph\">{\"@context\":\"https:\\\/\\\/schema.org\",\"@graph\":[{\"@type\":\"WebPage\",\"@id\":\"https:\\\/\\\/www.jornadaebpmg.com.br\\\/2026\\\/inscricoes\\\/\",\"url\":\"https:\\\/\\\/www.jornadaebpmg.com.br\\\/2026\\\/inscricoes\\\/\",\"name\":\"Inscri\u00e7\u00f5es - 28\u00aa Jornada da Escola Brasileira de Psican\u00e1lise - Minas Gerais\",\"isPartOf\":{\"@id\":\"https:\\\/\\\/www.jornadaebpmg.com.br\\\/2026\\\/#website\"},\"datePublished\":\"2026-04-07T06:17:01+00:00\",\"dateModified\":\"2026-04-09T20:15:18+00:00\",\"breadcrumb\":{\"@id\":\"https:\\\/\\\/www.jornadaebpmg.com.br\\\/2026\\\/inscricoes\\\/#breadcrumb\"},\"inLanguage\":\"pt-BR\",\"potentialAction\":[{\"@type\":\"ReadAction\",\"target\":[\"https:\\\/\\\/www.jornadaebpmg.com.br\\\/2026\\\/inscricoes\\\/\"]}]},{\"@type\":\"BreadcrumbList\",\"@id\":\"https:\\\/\\\/www.jornadaebpmg.com.br\\\/2026\\\/inscricoes\\\/#breadcrumb\",\"itemListElement\":[{\"@type\":\"ListItem\",\"position\":1,\"name\":\"Home\",\"item\":\"https:\\\/\\\/www.jornadaebpmg.com.br\\\/2026\\\/\"},{\"@type\":\"ListItem\",\"position\":2,\"name\":\"Inscri\u00e7\u00f5es\"}]},{\"@type\":\"WebSite\",\"@id\":\"https:\\\/\\\/www.jornadaebpmg.com.br\\\/2026\\\/#website\",\"url\":\"https:\\\/\\\/www.jornadaebpmg.com.br\\\/2026\\\/\",\"name\":\"28\u00aa Jornada EBP-MG\",\"description\":\"\",\"publisher\":{\"@id\":\"https:\\\/\\\/www.jornadaebpmg.com.br\\\/2026\\\/#organization\"},\"potentialAction\":[{\"@type\":\"SearchAction\",\"target\":{\"@type\":\"EntryPoint\",\"urlTemplate\":\"https:\\\/\\\/www.jornadaebpmg.com.br\\\/2026\\\/?s={search_term_string}\"},\"query-input\":{\"@type\":\"PropertyValueSpecification\",\"valueRequired\":true,\"valueName\":\"search_term_string\"}}],\"inLanguage\":\"pt-BR\"},{\"@type\":\"Organization\",\"@id\":\"https:\\\/\\\/www.jornadaebpmg.com.br\\\/2026\\\/#organization\",\"name\":\"Escola Brasileira de Psican\u00e1lise - Sess\u00e3o MG\",\"url\":\"https:\\\/\\\/www.jornadaebpmg.com.br\\\/2026\\\/\",\"logo\":{\"@type\":\"ImageObject\",\"inLanguage\":\"pt-BR\",\"@id\":\"https:\\\/\\\/www.jornadaebpmg.com.br\\\/2026\\\/#\\\/schema\\\/logo\\\/image\\\/\",\"url\":\"https:\\\/\\\/www.jornadaebpmg.com.br\\\/2026\\\/wp-content\\\/uploads\\\/2026\\\/04\\\/titulo.png\",\"contentUrl\":\"https:\\\/\\\/www.jornadaebpmg.com.br\\\/2026\\\/wp-content\\\/uploads\\\/2026\\\/04\\\/titulo.png\",\"width\":650,\"height\":300,\"caption\":\"Escola Brasileira de Psican\u00e1lise - Sess\u00e3o MG\"},\"image\":{\"@id\":\"https:\\\/\\\/www.jornadaebpmg.com.br\\\/2026\\\/#\\\/schema\\\/logo\\\/image\\\/\"}}]}<\/script>\n<!-- \/ Yoast SEO plugin. -->","yoast_head_json":{"title":"Inscri\u00e7\u00f5es - 28\u00aa Jornada da Escola Brasileira de Psican\u00e1lise - Minas Gerais","robots":{"index":"noindex","follow":"follow","max-snippet":"max-snippet:-1","max-image-preview":"max-image-preview:large","max-video-preview":"max-video-preview:-1"},"og_locale":"pt_BR","og_type":"article","og_title":"Inscri\u00e7\u00f5es - 28\u00aa Jornada da Escola Brasileira de Psican\u00e1lise - Minas Gerais","og_description":"[vc_row row_height_percent=&#8221;0&#8243; back_color=&#8221;color-251008&#8243; overlay_alpha=&#8221;50&#8243; gutter_size=&#8221;3&#8243; column_width_percent=&#8221;100&#8243; shift_y=&#8221;0&#8243; z_index=&#8221;0&#8243; content_parallax=&#8221;0&#8243; uncode_shortcode_id=&#8221;163681&#8243; back_color_type=&#8221;uncode-palette&#8221;][vc_column width=&#8221;1\/1&#8243;][vc_button button_color=&#8221;color-jevc&#8221; radius=&#8221;btn-default-shape&#8221; border_width=&#8221;0&#8243; link=&#8221;url:https%3A%2F%2Fwww.sympla.com.br%2Fevento%2F28-jornada-da-escola-brasileira-de-psicanalise-secao-minas-gerais%2F3362766|target:_blank&#8221; button_color_type=&#8221;uncode-palette&#8221; uncode_shortcode_id=&#8221;968897&#8243;]INSCREVA-SE[\/vc_button][vc_custom_heading text_color=&#8221;color-210407&#8243; text_font=&#8221;font-175661&#8243; [&hellip;]","og_url":"https:\/\/www.jornadaebpmg.com.br\/2026\/inscricoes\/","og_site_name":"28\u00aa Jornada da Escola Brasileira de Psican\u00e1lise - Minas Gerais","article_modified_time":"2026-04-09T20:15:18+00:00","twitter_card":"summary_large_image","twitter_misc":{"Est. tempo de leitura":"3 minutos"},"schema":{"@context":"https:\/\/schema.org","@graph":[{"@type":"WebPage","@id":"https:\/\/www.jornadaebpmg.com.br\/2026\/inscricoes\/","url":"https:\/\/www.jornadaebpmg.com.br\/2026\/inscricoes\/","name":"Inscri\u00e7\u00f5es - 28\u00aa Jornada da Escola Brasileira de Psican\u00e1lise - Minas Gerais","isPartOf":{"@id":"https:\/\/www.jornadaebpmg.com.br\/2026\/#website"},"datePublished":"2026-04-07T06:17:01+00:00","dateModified":"2026-04-09T20:15:18+00:00","breadcrumb":{"@id":"https:\/\/www.jornadaebpmg.com.br\/2026\/inscricoes\/#breadcrumb"},"inLanguage":"pt-BR","potentialAction":[{"@type":"ReadAction","target":["https:\/\/www.jornadaebpmg.com.br\/2026\/inscricoes\/"]}]},{"@type":"BreadcrumbList","@id":"https:\/\/www.jornadaebpmg.com.br\/2026\/inscricoes\/#breadcrumb","itemListElement":[{"@type":"ListItem","position":1,"name":"Home","item":"https:\/\/www.jornadaebpmg.com.br\/2026\/"},{"@type":"ListItem","position":2,"name":"Inscri\u00e7\u00f5es"}]},{"@type":"WebSite","@id":"https:\/\/www.jornadaebpmg.com.br\/2026\/#website","url":"https:\/\/www.jornadaebpmg.com.br\/2026\/","name":"28\u00aa Jornada EBP-MG","description":"","publisher":{"@id":"https:\/\/www.jornadaebpmg.com.br\/2026\/#organization"},"potentialAction":[{"@type":"SearchAction","target":{"@type":"EntryPoint","urlTemplate":"https:\/\/www.jornadaebpmg.com.br\/2026\/?s={search_term_string}"},"query-input":{"@type":"PropertyValueSpecification","valueRequired":true,"valueName":"search_term_string"}}],"inLanguage":"pt-BR"},{"@type":"Organization","@id":"https:\/\/www.jornadaebpmg.com.br\/2026\/#organization","name":"Escola Brasileira de Psican\u00e1lise - Sess\u00e3o MG","url":"https:\/\/www.jornadaebpmg.com.br\/2026\/","logo":{"@type":"ImageObject","inLanguage":"pt-BR","@id":"https:\/\/www.jornadaebpmg.com.br\/2026\/#\/schema\/logo\/image\/","url":"https:\/\/www.jornadaebpmg.com.br\/2026\/wp-content\/uploads\/2026\/04\/titulo.png","contentUrl":"https:\/\/www.jornadaebpmg.com.br\/2026\/wp-content\/uploads\/2026\/04\/titulo.png","width":650,"height":300,"caption":"Escola Brasileira de Psican\u00e1lise - Sess\u00e3o MG"},"image":{"@id":"https:\/\/www.jornadaebpmg.com.br\/2026\/#\/schema\/logo\/image\/"}}]}},"_links":{"self":[{"href":"https:\/\/www.jornadaebpmg.com.br\/2026\/wp-json\/wp\/v2\/pages\/23","targetHints":{"allow":["GET"]}}],"collection":[{"href":"https:\/\/www.jornadaebpmg.com.br\/2026\/wp-json\/wp\/v2\/pages"}],"about":[{"href":"https:\/\/www.jornadaebpmg.com.br\/2026\/wp-json\/wp\/v2\/types\/page"}],"author":[{"embeddable":true,"href":"https:\/\/www.jornadaebpmg.com.br\/2026\/wp-json\/wp\/v2\/users\/1"}],"replies":[{"embeddable":true,"href":"https:\/\/www.jornadaebpmg.com.br\/2026\/wp-json\/wp\/v2\/comments?post=23"}],"version-history":[{"count":10,"href":"https:\/\/www.jornadaebpmg.com.br\/2026\/wp-json\/wp\/v2\/pages\/23\/revisions"}],"predecessor-version":[{"id":105,"href":"https:\/\/www.jornadaebpmg.com.br\/2026\/wp-json\/wp\/v2\/pages\/23\/revisions\/105"}],"wp:attachment":[{"href":"https:\/\/www.jornadaebpmg.com.br\/2026\/wp-json\/wp\/v2\/media?parent=23"}],"curies":[{"name":"wp","href":"https:\/\/api.w.org\/{rel}","templated":true}]}}